f). Calculate g(r).
-2
Let f = -41 - 99. Let z = -138 - f. Let v(h) = 4*h**3 - 10*h + 5 - 9*h**3 + 6*h**3 + 2*h**z + 8*h**2. What is v(-11)?
-6
Let r(g) = -g**2 + 6*g + 6. Suppose 4*d = -8, -3*w - 4 = d - 14. Let s be 4/2*(w - (-1 - -4)). Let v be ((-1)/s)/((-3)/(36*1)). Calculate r(v).
6
Let h(g) = g**2 - 33*g - 32. Let j be h(34). Suppose -j*k + 5 = 17. Let a(z) = 2*z + 6. What is a(k)?
-6
Let a(i) = -i**3 - 13*i**2 + 5*i + 30. Let h be ((-2340)/130)/(3*-3*2/(-12)). Give a(h).
-174
Suppose -6*g = -45*g - 13*g - 52. Let a(j) = -j**3 - 44*j + j**2 + 44*j. Calculate a(g).
2
Suppose 0 = -128*i + 126*i - 11 + 21. Let w(s) = -9*s - 1. Give w(i).
-46
Suppose 15*u + 68 = 98. Let o(z) = -3*z**2 + z - 2. Give o(u).
-12
Suppose 210*w - 206*w + 3*h = -34, -2*w - 3*h = 20. Let a(t) = 2*t**3 + 14*t**2 - 4*t - 10. What is a(w)?
18
Let o be 2/6 - 14/6. Suppose 8*s = -5 + 21. Let w(f) = 3 + 82*f - 85*f - s. Determine w(o).
7
Let v(d) = 14*d**3 + 73*d**2 - 2*d - 9. Let j(i) = -13*i**3 - 72*i**2 + 3*i + 4. Let n(o) = 4*j(o) + 3*v(o). Give n(-7).
-4
Let s(z) = -536 - 4*z + 233 + 287. What is s(-5)?
4
Suppose 9*v - 98 - 37 = 0. Let d = 16 - v. Let f(x) = 9*x**2 - 2*x - 5. Let g(j) = -j**2 - j - 1. Let q(p) = d*f(p) - 4*g(p). Give q(1).
14
Let o = -70 + 78. Let b(p) be the first derivative of p**5/120 - p**4/3 + 5*p**3/3 + 8. Let z(a) be the third derivative of b(a). What is z(o)?
0
Let o(l) = l + 72641 - 7*l - l**2 - 72636. Let u = 54 - 60. Calculate o(u).
5
Suppose p + 7*p + 8 = 0. Let j(f) be the first derivative of -15*f**2/2 + 10*f - 6. Let n(t) = -5*t + 3. Let s(y) = -3*j(y) + 10*n(y). Give s(p).
5
Let l = 157 - 146. Let h(w) = -4*w + l*w**2 + 2*w - 12*w**2 - 19 + 21. Let n be 3/(2 + 1/(-2)). Calculate h(n).
-6
Let m(t) = -t**3 + 8*t**2 + 3. Let w(r) = -r**3 + 25*r**2 + 18*r - 2. Let y be w(26). Let l = y - -218. Determine m(l).
3
Let l(z) = -22*z - 20. Suppose 4*f - 6*f - 14 = -4*n, -5*n = -f - 10. Let i(q) = 8*q + 7. Let v(g) = f*l(g) - 14*i(g). Determine v(-4).
10
Suppose 5*r = -1 + 106. Let h = -21 + r. Suppose 7*t = -h + 28. Let l(x) = -x**3 + 6*x**2 - 4*x - 3. Give l(t).
13
Let y(x) = -4*x**3 + 99*x**2 + 30*x - 136. Let f be y(25). Let s(t) = t**3 + 12*t**2 + 9*t - 10. Give s(f).
12
Let m(u) = -163*u**3 + 7*u**2 + 4*u + 15. Let i(q) = -27*q**3 + q + 1. Let j(t) = -6*i(t) + m(t). Suppose -4*z = -3*z - 7. Give j(z).
-5
Let f(z) = z**2 - 2340*z + 19 - 2362*z + 4697*z. Give f(8).
43
Let p(r) = 4 + r**2 - 496*r + 505*r + 1. Let q be p(-9). Let c(j) = -j**3 + 4*j**2 + 5*j. Calculate c(q).
0
Let b(n) = -n + 3. Let q = 80 + -53. Let f(g) = 13*g + 10. Let m be f(2). Suppose -m = -31*k + q*k. Determine b(k).
-6
Let t(f) = -36*f - 6 + 77 + 101*f - 25*f - 20*f. Give t(-4).
-9
Let m(i) = -i + 2. Suppose 0 = -4*c + 74 + 6. Let j = c - 15. Suppose s = -2*x + 13, -s = -j*x - 0*s + 43. What is m(x)?
-6
Let s(r) = -30*r + 41*r - r**2 - 1 - 4 - 1 - 3. Give s(11).
-9
Suppose -2*t - 6 = 4*h, -h + 3 = t - 5*t. Let v = h - 3. Let i(n) = 6 - 4 + n**2 - 1119*n + 1125*n. Determine i(v).
-6
Let u(o) = -o**2 - 4*o - 2. Suppose -34*c = -39*c - 3800. Let s = c + 753. Calculate u(s).
-23
Let d(u) be the second derivative of 5*u**3/6 + u**2/2 - u. Let v be 69/3 + -45 - -33 - (-10)/(-1). Calculate d(v).
6
Suppose -3*p + 5 + 4 = 0. Let b(m) = 7*m**3 - 12*m**2 - 13*m - 37. Let k(y) = 8*y**3 - 14*y**2 - 15*y - 43. Let d(f) = 7*b(f) - 6*k(f). Calculate d(p).
23
Let v(a) be the second derivative of a**3/6 - 15*a**2/2 + a + 44. Give v(7).
-8
Suppose -48*p = 7*p + 330. Let v(b) = b**2 + 9*b + 14. Determine v(p).
-4
Let j(s) be the second derivative of s**3/6 + 9*s**2/2 - 820*s. What is j(11)?
20
Let c(n) = -7*n + 4. Let g(v) = 15*v - 9. Let p(t) = 7*c(t) + 3*g(t). Let k be p(2). Let a(o) be the second derivative of o**3/6 - 2*o**2 - 489*o. Give a(k).
-11
Let j(s) = -12*s - 47. Suppose -20*k = 193 - 93. Calculate j(k).
13
Suppose 6*s - 3*s + 11 = -2*r, 0 = -3*r + s. Let v(m) = 115*m - 21*m - 2 - 1 - 82*m - 22*m. Calculate v(r).
7
Let n(s) = -s**3 - 6*s**2 - 2*s + 8. Let g be n(-8). Let p = g + -82. Let c(b) = -26*b - p + 10*b + 70. Calculate c(-1).
16
Let w(o) be the first derivative of o**5/120 - 13*o**4/12 - o**3/3 - 79*o**2/2 - 176. Let u(g) be the third derivative of w(g). Determine u(11).
-15
Let c(f) be the first derivative of -2*f**2 - 88*f - 4915. What is c(-25)?
12
Suppose 0 = r + 4*l + 1, -2*l = 5*r - 4*r - 5. Suppose 12*y - r*y = 12. Suppose -9 = -y*h - 57. Let u(t) = 2*t + 5. Calculate u(h).
-3
Let u be -1*(0 - (0 - (-1 + 0))). Let y(g) be the third derivative of -g**2 + 0*g**3 + 1/15*g**6 + 0*g + 0 + 0*g**4 + 0*g**5. Give y(u).
8
Let i(o) = -148*o**2 - 13*o + 73*o**2 - 10 + 77*o**2 + 15*o. Calculate i(-4).
14
Let b(v) be the first derivative of -3*v**4/4 - 14*v**3/3 + 2*v**2 - 11*v - 1314. Determine b(-5).
-6
Let x be 12*3/(-2) + -3. Let s = 23 + x. Let c(q) be the third derivative of q**6/120 - q**5/20 + q**4/6 - q**3/3 - 9*q**2. Give c(s).
2
Let c(m) = -44 - 96*m + 48 + 52*m + 12*m**2 + 44*m. Give c(1).
16
Let v(b) be the third derivative of -7*b**6/60 + b**5/15 + b**4/4 - 7*b**3/6 - 5181*b**2. Determine v(1).
-11
Suppose -23*k = -131 + 85. Let v(q) be the first derivative of -q**5/30 + q**4/12 + q**3/6 - 5*q**2/2 - 1. Let x(h) be the second derivative of v(h). Give x(k).
-3
Suppose -24*i + 22 = -218. Let d(h) = -7*h + 3*h + 7*h + h + i. Give d(-4).
-6
Let m(i) = 3*i**3 - 20*i**2 + 15*i. Let p(d) = 7*d**3 - 40*d**2 + 28*d + 3. Let x(y) = -5*m(y) + 2*p(y). Calculate x(19).
6
Let r(x) = -18*x - 3. Let f be ((-10)/55 - 1730/44)*-2. Let p = f - 77. Let a(z) = 9*z + 1. Let c(o) = p*r(o) + 5*a(o). Calculate c(1).
8
Let h(o) = -7*o**3 + o**2 + 2*o - 3. Let a(z) = -z**3. Let b(q) = 3*a(q) - h(q). Let g be 99/(-18)*(-8)/22. What is b(g)?
27
Let r(h) be the third derivative of -h**4/24 + h**3/3 + 1309*h**2. Let m(q) = -q**2 + 4*q + 7. Let i be m(5). What is r(i)?
0
Let n(v) = -v**2 + 21*v + 133. Let x be n(-5). Let s be 7 - 12 - (-9)/x. Let k(g) = g**2 + 2*g + 2. Calculate k(s).
2
Let p(r) be the third derivative of -r**8/5040 + r**7/840 + 33*r**5/20 + r**3/3 - 6*r**2 - 1. Let k(t) be the third derivative of p(t). Determine k(2).
-4
Let b(f) = f**3 + f**2 - f - 8. Suppose 21*q - 53 = 10. Suppose -8 = 4*s - 4*y, -q*y + y = 5*s - 4. Calculate b(s).
-8
Let x(u) = u**3 + 3*u**2 + 11*u + 30. Let p(d) = -2*d**3 + 40*d**2 + 14*d - 283. Let t be p(20). Calculate x(t).
-3
Let d = 171 + -159. Suppose -4*x = -d*x. Let i(g) = -g**2 - 5. Calculate i(x).
-5
Let m(g) = 7*g**2 + 2 - 4*g**2 - 6*g + 4 - 9*g**2 + 5*g**2. Suppose -3*z - 25 = -4. Calculate m(z).
-1
Let v = 41937 - 41941. Let t(a) = 2 + 3*a + 2 + 2*a. Determine t(v).
-16
Let u(k) = -2*k - 2. Let r = -272 + 302. Let n be (-6)/(-15) + (-26)/r*-3. What is u(n)?
-8
Let p(c) be the first derivative of -4*c**3/3 + c**2/2 - c + 148994. Let u(d) = d**2 - 1. Let a be u(1). Let o = 1 + a. Give p(o).
-4
Let g(d) = d + 2. Let l(p) = p**3. Let a be l(0). Suppose -3*n + 195 = -a*n. Let z = 62 - n. Give g(z).
-1
Let m(p) be the third derivative of p**6/120 - p**5/20 + p**4/24 + 7*p**3/6 + 10*p**2. Let b be m(3). Let s(w) = w - 17. Give s(b).
-7
Let t(j) be the second derivative of -2*j**3/3 - 7*j**2/2 - 6*j. Let m = -10 + 15. Calculate t(m).
-27
Let v = 44 + -44. Suppose m + z + 1 = v, -2*z = -3*z - 5. Let n be 88/16 - (-2)/m. Let h(a) = -3*a + 3. What is h(n)?
-15
Let g(f) = 14*f**3 - 11*f**2 - 52*f - 13. Let j(b) = 17*b**3 - 12*b**2 - 60*b - 14. Let q(p) = 6*g(p) - 5*j(p). What is q(-5)?
27
Let c(o) = 8*o + 177. Suppose -5*b - 5*v - 110 = 0, -19*v + 22*v = b + 18. What is c(b)?
9
Let o(i) = 21*i**2 - 5*i - 29*i**2 + 7*i**2 + 270 + 228 + 15*i. Determine o(28).
-6
Let z = 157 + 145. Let a = 304 - z. Let c(d) = d**3 - 4*d**2 + 4*d + 2. Let h(q) = 3*q**3 - 13*q**2 + 13*q + 6. Let w(t) = -7*c(t) + 2*h(t). What is w(a)?
-6
Suppose -h = -4*s + 10, 20 = 14*h - 18*h - 4*s. Let g(j) = 12*j. Give g(h).
-72
Let s(q) = 3*q - 12. Suppose -3 = -l - 2*v, -l + 80*v = 83*v. Calculate s(l).
15
Suppose 4*t - 27*j - 832 = -29*j, 414 = 2*t + 2*j. Suppose 451 = -60*x - t. Let v(k) = 2*k**2 + 22*k - 3. What is v(x)?
-3
Let f(i) = 0*i**2 - i**2 - 198 + 1210526*i - 1210481*i. Determine f(40).
2
Suppose 2*q - 3 = 5*q, -3*b - 2*q = -19. Suppose 3*z + 60 = b*z - 4*k, -4*z = -2*